 by b.
31
Suppose -31*k + 29 = -591. Let m be (14/21)/(2/18). Suppose y + 2*r - 17 = 0, 0 = -y + 2*r - 1 + m. Calculate the remainder when k is divided by y.
9
Let s(c) = c**3 + 45*c**2 - 3*c - 16. What is the remainder when 663 is divided by s(-45)?
68
Let i(c) = -c**2 - 28*c + 34. Let r = 67 + -96. Let z be i(r). Calculate the remainder when 688/z + (-14)/(-35) is divided by 14.
12
Let c be (-1 + -1)*(-2 + 1). Let m = 3048 - 2930. Calculate the remainder when m is divided by 81/c - (-2)/(-4).
38
Let w(s) = 8*s + 3*s - 4*s + 45 + s**2. Suppose 0 = 2*d - 5*x - 4 + 7, 5*x + 81 = -4*d. Calculate the remainder when w(d) is divided by 36.
35
Let n = 3076 + -2978. What is the remainder when n is divided by (-4 + -21)/(1/(-1))?
23
Suppose -33*z + 46620 + 8448 = 45*z. Calculate the remainder when z is divided by 229.
19
Let c = 16 - 0. Suppose 0 = g - k - 1287 + 503, -2*g + 1544 = 4*k. Suppose g = -536*m + 546*m. Calculate the remainder when m is divided by c.
14
Suppose 0 = -3*z + 3*h + 162, 9*z - 7*z - 3*h = 112. What is the remainder when 107 is divided by z?
7
What is the remainder when 411 is divided by ((-6)/(-2 + (-9 - -6)))/(2/55)?
15
Let l be (-14*3)/7 - -10. Suppose -l*m - 69 = -7*m. What is the remainder when 73 is divided by m?
4
Suppose 36*v - 12231 = -1827. What is the remainder when v is divided by 6?
1
Suppose 9*b + 424 = 11*b + 5*o, -o - 826 = -4*b. What is the remainder when 224 is divided by b?
17
Suppose -147 = -6*r - 3. What is the remainder when (75/(-20))/(10/(-360)) is divided by r?
15
Let m = 19 - -117. Calculate the remainder when m is divided by 3*(-10 - (-34 + 8)).
40
Suppose 7*p + 2 = 9*p. Let r be (0 + p)*(-5 - -7). Suppose 5*k - r*z - 638 = 0, 4*k + 2*z = 4*z + 512. What is the remainder when k is divided by 33?
27
Let v = -969 - -995. Calculate the remainder when 519 is divided by v.
25
Suppose -628 = 2*k - 6*k. Let w = k - 133. Suppose -5*m = -m - 52. Calculate the remainder when w is divided by m.
11
Calculate the remainder when -15 + 41/((-820)/(-32880)) is divided by 162.
9
Suppose 3*z + 101 = 2*q, 110 + 34 = 3*q - 2*z. Calculate the remainder when 2894 is divided by q.
42
Let t = 24 - -2. Suppose 55 = -7*h + 27. What is the remainder when t is divided by h/16 - -2*(-37)/(-8)?
8
Suppose -3*h - 4*r - 620 + 5112 = 0, r - 7515 = -5*h. Calculate the remainder when h is divided by 18.
10
Suppose 0 = -2*d - 2*d + 12, 0 = -t + 2*d + 91. Calculate the remainder when 184 is divided by t.
87
Let m(s) = -1 + 8 + s - s**2 - 3 + s**3. Let y = -2400 + 2400. What is the remainder when 15 is divided by m(y)?
3
Suppose 16 = n + 12. Suppose -3*o - 9 = -6*o - t, 0 = -n*t. Suppose -o*l - 5*s + 121 = 0, 3*l = 4*l + s - 39. What is the remainder when l is divided by 19?
18
Let y be -20 + 20 - 0/1. Suppose -3*u - 78 = -2*d + 60, y = d - 5*u - 83. What is the remainder when d is divided by 14?
7
Suppose 0 = -27*a + 24*a, 5*a = -2*o - 88. What is the remainder when (-16)/12*3201/o is divided by 16?
1
Calculate the remainder when 256/(-24)*(-12825)/100 is divided by 49.
45
Calculate the remainder when (3213/(-85))/((-9)/60) is divided by 11.
10
Suppose 0 = -11*o - 513 + 1261. What is the remainder when 339 is divided by o?
67
Let o(r) = -r**3 - 40*r**2 - 171*r - 2215. What is the remainder when 582 is divided by o(-37)?
2
Let y be 24/(-10)*(-5)/20*10. Suppose 3*k = -3*f - y, -3*f + 6*f = 9. Calculate the remainder when 96 is divided by k/(-15)*198/2.
30
Let i(x) = -6*x - 3. Let q(r) = 282*r + 76. What is the remainder when q(0) is divided by i(-5)?
22
Let h(o) = 2 - 4 + 3*o**3 - 49*o**3 - 7*o**3 - 3*o. Calculate the remainder when h(-1) is divided by 14.
12
Suppose -614 = -4*o + 2*o. Suppose -37*q - 3555 + 740 = 4918. Let r = o + q. What is the remainder when r is divided by 50?
48
Let v(w) = 22*w**2 + 794*w - 5. Calculate the remainder when v(-38) is divided by 40.
31
Let g(w) = 3*w + 32. Let x be g(0). Let a(r) = -5*r**3 + 2*r**2 + r. What is the remainder when -1 + 1 + x + (-7 - 2) is divided by a(-1)?
5
Let z be ((-26)/(-10) - 1)*-5. Let y(i) = -8*i + 7. Suppose 3*u + 33 = t, 4*t - 30 - 67 = 5*u. Calculate the remainder when y(z) is divided by t.
17
Let a be 2 - (136/(-12) + 2/(-3)). Suppose 5*s = -3*v - 2*v, -2*s = -5*v + a. Suppose -32 = -6*q - v*q. Calculate the remainder when 14 is divided by q.
2
Let f = 6110 + -5975. What is the remainder when 244 is divided by f?
109
Suppose 3*n = 15*n - 3810 + 558. What is the remainder when n is divided by 74?
49
Suppose -14*r + 5782 = -0*r. Let t = r - 318. What is the remainder when t is divided by 11?
7
Suppose 3*c + 3*x = 5*x + 640, 0 = 2*c + 4*x - 400. Let v = c + -200. What is the remainder when 18 is divided by v?
8
Let u = -199 - -203. Suppose 2*f = -u*y + 303 + 13, -3*y + 255 = -3*f. Calculate the remainder when y is divided by 36.
9
Let j = 5793 - 5764. Calculate the remainder when 2725 is divided by j.
28
Suppose -2*f - 43*y + 48 = -48*y, y = 4. What is the remainder when 1222 is divided by f?
32
What is the remainder when 26985 is divided by ((-65)/4)/((3105/1296)/(-23))?
153
Let z be 2/4 - (-119)/14. Let p be 30/z + 3/(-9). Suppose 2*d + p*k = 9, -2*d = -4*k - 4 - 26. Calculate the remainder when 33 is divided by d.
6
Let r be (1/2)/(11/66). Suppose -28 = -k + r*o, 4*k + 5*o - 37 = 75. Let d = 18 + -7. Calculate the remainder when k is divided by d.
6
Suppose x + 30*d - 29*d - 238 = 0, 0 = 3*x - 5*d - 754. What is the remainder when x is divided by -6 - ((-36)/(-6) + -54)?
33
Let h(w) = 103*w**3 + 1. Let v be h(-1). Calculate the remainder when 36 is divided by -1 + (-5)/(-2) + v/(-12).
6
Let y be (7/2)/(-7)*-34. Suppose 11*u = 10*u + y. Calculate the remainder when u is divided by 9.
8
Suppose 101*o - 71239 = -12154. Calculate the remainder when o is divided by 136.
41
Let s = -12170 - -12254. Calculate the remainder when 265 is divided by s.
13
Let i = -229615 - -229814. Suppose -4*k + 66 = 2*h, -2*h + 65 = -k + 6*k. Let u = 5 + h. What is the remainder when i is divided by u?
39
Suppose 0 = -6*x + 3*x - u - 6, 5*u = 0. What is the remainder when 1/(x/354*-3*1) is divided by 19?
2
Suppose l = -7 - 7. Let h be (63/l)/((-2)/(-32)). Let j = 121 + h. Calculate the remainder when j is divided by 25.
24
Let k(c) = c**2 - 18*c + 47. Let r be k(15). Suppose r*v = -f + 6*f - 600, -3*f = -2*v - 364. Calculate the remainder when f is divided by 35.
13
Suppose 8532 = -37*k + 9346. Suppose t = -5, -d + 122 = -0*d - 3*t. What is the remainder when d is divided by k?
19
Suppose 3*t - 7 + 1 = 0. Suppose t*g = -2*r + 64, 4*g = g + 3*r + 72. Calculate the remainder when g is divided by 19*(1 - 2/4)*2.
9
Let m(o) = -105*o + 608. What is the remainder when 141 is divided by m(5)?
58
Suppose 8*x - 2*t + 215 = 11*x, 0 = -4*x + 3*t + 298. What is the remainder when 1365 is divided by x?
51
Let y(x) = 77*x - 39. Calculate the remainder when 2878 is divided by y(3).
190
Let f(w) = -6*w**3 - 211*w**2 - 64*w - 995. What is the remainder when 297 + 0 + 1 + -1 is divided by f(-35)?
17
Let s = 458 - 446. Calculate the remainder when 24 is divided by (-585)/(-81) - s/54.
3
Let w(z) = z**2 + 4*z + 3. Let x be w(-2). Let n = 127 + -260. Calculate the remainder when 72 is divided by (n/21)/(x/3).
15
Calculate the remainder when 174 is divided by (55 - 59) + 4/((-4)/(-95)).
83
Suppose 93*q = 94*q + 260. Let y = q - -279. Let c(w) = 30*w**2 + w + 1. What is the remainder when c(-1) is divided by y?
11
Suppose -2*f + 199 = -147. Suppose -11*j - 3*j + 70 = 0. What is the remainder when f is divided by j?
3
Let l(p) = -3975*p - 39683. Calculate the remainder when l(-10) is divided by (-6)/9 + 59/3.
10
Let k(h) = 49*h**2 - 12*h + 15. What is the remainder when k(4) is divided by 16?
15
Let l(s) = -s**3 - 3*s - 6. Let h be l(-5). Suppose 5*f + 5*v - 118 = 107, -3*f + h = 2*v. Calculate the remainder when 174 is divided by f.
42
Let j(n) = -2*n**3 + 69*n**2 + 143*n - 1652. Calculate the remainder when j(34) is divided by 10.
6
Suppose -11595*g + 11599*g = 8560. Calculate the remainder when g is divided by 7.
5
Let q(n) = 8*n**3 - n**2 + 1. Let b(w) = 78*w + 562. Calculate the remainder when q(2) is divided by b(-7).
13
Let h be ((-77)/(-28))/(((-12)/(-176))/(-3)). Let o = 128 + h. What is the remainder when 179 is d